and 297522.
18
What is the greatest common factor of 56 and 18949?
7
What is the greatest common factor of 10848 and 433242?
678
What is the highest common divisor of 6432 and 35912?
536
Calculate the greatest common divisor of 8154 and 378.
54
Calculate the highest common factor of 382140 and 8580.
660
What is the highest common factor of 13224 and 96?
24
What is the highest common divisor of 63852 and 14892?
204
Calculate the greatest common divisor of 510 and 126310.
170
What is the greatest common factor of 1161 and 14175?
27
What is the highest common divisor of 1197 and 10887?
57
What is the highest common factor of 153416 and 41656?
1016
What is the greatest common factor of 39057 and 47?
47
Calculate the highest common divisor of 25783 and 57.
19
What is the greatest common factor of 5256200 and 328?
328
Calculate the greatest common factor of 147477 and 41.
41
Calculate the greatest common divisor of 27820 and 1560.
260
What is the highest common divisor of 188968 and 5688?
632
What is the highest common factor of 6155820 and 40?
20
Calculate the highest common factor of 2841318 and 27.
27
Calculate the greatest common divisor of 1147 and 2960.
37
Calculate the greatest common factor of 577 and 909929.
577
What is the highest common divisor of 287 and 2969384?
41
Calculate the highest common factor of 671800 and 120.
40
Calculate the greatest common factor of 10 and 536170.
10
What is the highest common divisor of 333385 and 10?
5
What is the greatest common factor of 14 and 2286?
2
Calculate the highest common factor of 31291 and 1508.
377
What is the greatest common factor of 6137 and 19?
19
What is the highest common divisor of 489444 and 36?
12
What is the highest common divisor of 17791 and 1?
1
Calculate the highest common factor of 261 and 459273.
87
Calculate the highest common divisor of 1494 and 348434.
166
What is the greatest common factor of 44 and 83578?
22
What is the highest common divisor of 27463 and 116?
29
What is the greatest common divisor of 14091016 and 788?
788
Calculate the highest common divisor of 117584 and 624.
16
Calculate the greatest common factor of 50675 and 75.
25
What is the greatest common factor of 5888 and 112?
16
Calculate the greatest common factor of 21 and 93597.
21
What is the greatest common divisor of 2422 and 35638?
346
What is the greatest common divisor of 6 and 1308324?
6
Calculate the highest common divisor of 2005 and 28872.
401
What is the highest common divisor of 17821 and 137297?
251
Calculate the greatest common factor of 3205 and 235.
5
What is the highest common factor of 22988 and 84?
28
Calculate the greatest common divisor of 354382 and 476.
238
What is the greatest common divisor of 744 and 2945868?
372
Calculate the greatest common factor of 6480 and 11376.
144
Calculate the greatest common divisor of 112 and 5248.
16
What is the greatest common factor of 400 and 2780?
20
Calculate the greatest common factor of 12563 and 153.
17
What is the highest common factor of 32 and 851328?
32
What is the highest common factor of 132 and 213708?
132
What is the highest common divisor of 1114421 and 35?
7
Calculate the highest common divisor of 1656625 and 29705.
2285
What is the highest common divisor of 2600 and 8112?
104
What is the highest common factor of 3053 and 3?
1
What is the greatest common divisor of 391 and 202538?
391
What is the highest common factor of 20427 and 33?
33
Calculate the highest common factor of 116 and 240236.
116
What is the greatest common divisor of 503 and 78468?
503
Calculate the highest common divisor of 5988 and 144.
12
What is the greatest common divisor of 6896 and 2128?
16
What is the highest common divisor of 76518 and 5850?
234
Calculate the highest common divisor of 44 and 6259.
11
Calculate the highest common factor of 654 and 60713.
109
What is the greatest common factor of 25790 and 6?
2
What is the highest common divisor of 968 and 81848?
8
What is the greatest common factor of 128 and 25992?
8
Calculate the highest common factor of 5600 and 29225.
175
What is the greatest common factor of 79771 and 993?
331
What is the highest common divisor of 324645 and 5?
5
Calculate the greatest common divisor of 540 and 386640.
540
What is the highest common factor of 63 and 142583?
7
What is the highest common factor of 11723 and 152?
19
What is the highest common divisor of 44 and 60?
4
Calculate the greatest common divisor of 15266349 and 497.
497
Calculate the greatest common factor of 4086 and 77994.
18
Calculate the greatest common divisor of 106 and 24274.
106
Calculate the highest common factor of 17400 and 6.
6
What is the greatest common divisor of 101912 and 2?
2
What is the highest common factor of 26195 and 465?
155
Calculate the greatest common divisor of 3600 and 14864.
16
Calculate the greatest common factor of 7426 and 25201.
79
What is the greatest common divisor of 328 and 8?
8
What is the highest common divisor of 2254 and 5474?
322
What is the highest common factor of 10177723 and 1301?
1301
Calculate the greatest common factor of 66 and 25914.
6
What is the greatest common divisor of 99 and 2822622?
33
Calculate the greatest common divisor of 287371 and 21.
7
Calculate the highest common divisor of 747 and 341213.
83
Calculate the highest common divisor of 59 and 2483251.
59
Calculate the highest common divisor of 317984 and 9120.
608
What is the highest common divisor of 45927 and 1386?
63
Calculate the highest common factor of 158 and 379279.
79
Calculate the greatest common factor of 161 and 39123.
161
What is the highest common factor of 1764 and 35476?
196
What is the greatest common factor of 104 and 15743?
13
What is the greatest common divisor of 1358396 and 130?
26
Calculate the greatest common factor of 1902 and 51.
3
Calculate the highest common factor of 951 and 339.
3
Calculate the highest common factor of 3370 and 1251955.
1685
Calculate the highest common divisor of 504 and 288.
72
What is the greatest common divisor of 59695 and 5?
5
Calculate the greatest common divisor of 44252 and 52.
52
What is the greatest common factor of 5752735 and 5?
5
Calculate the highest common divisor of 4416 and 1288.
184
Calculate the highest common factor of 13664 and 29890.
854
Calculate the highest common divisor of 1359 and 45451.
151
Calculate the highest common divisor of 906120 and 120.
120
What is the greatest common factor of 2335 and 265?
5
Calculate the greatest common factor of 318 and 136263.
159
What is the greatest common factor of 1110 and 64824?
222
What is the greatest common divisor of 58 and 317173?
29
Calculate the greatest common divisor of 24 and 2150472.
24
Calculate the highest common factor of 8 and 13292.
4
Calculate the highest common factor of 27 and 78822.
9
Calculate the greatest common divisor of 1416 and 27912.
24
Calculate the greatest common factor of 3168 and 262152.
792
What is the highest common factor of 15872 and 248?
248
Calculate the highest common factor of 52 and 69602.
26
Calculate the greatest common divisor of 28205 and 5.
5
Calculate the highest common factor of 1127250 and 144.
18
What is the highest common factor of 3768 and 516?
12
Calculate the greatest common divisor of 4336 and 64.
16
What is the greatest common divisor of 43 and 1419258?
43
What is the highest common factor of 554474 and 428?
214
Calculate the greatest common factor of 3873777 and 57.
57
What is the greatest common factor of 7 and 6839?
7
What is the greatest common factor of 927 and 12307779?
927
What is the greatest common divisor of 693 and 1581426?
693
What is the highest common factor of 8766 and 2097?
9
Calculate the greatest common factor of 16 and 127712.
16
What is the highest common divisor of 15 and 1113?
3
Calculate the highest common factor of 153140 and 992.
124
What is the greatest common divisor of 32 and 144528?
16
What is the highest common factor of 16317 and 1176?
147
Calculate the highest common divisor of 2167074 and 2730.
546
Calculate the highest common factor of 513 and 37563.
57
What is the highest common factor of 867 and 954856?
289
What is the highest common factor of 116228 and 45472?
196
What is the greatest common divisor of 276408 and 64?
8
Calculate the greatest common f